6*x**3 + 6*x + 4*x**3 + 15. Suppose 3*b + 3*u + 33 = 0, 4*b + 34 = -7*u + 5*u. What is the hundreds digit of s(b)?
1
Let z be 9/18*(-2)/(-1). Let i be (-6)/(-4)*(-8)/(-6) + z. Suppose -5*m - 399 = -i*x, 2*x - 197 = 2*m + 69. What is the tens digit of x?
3
Suppose -3*z + 8 = l - 3, 5*z = l + 21. Suppose 4*r - 2603 = -z*s - s, 0 = -2*s + 6. What is the hundreds digit of r?
6
Suppose 21*j = 100*j - 738650. What is the hundreds digit of j?
3
Suppose -2*t = 3*t. Suppose -2*u - 3*x + 1 + 11 = 0, -5*u + 2*x + 30 = 0. Suppose 0 = -t*f - u*f + 618. What is the tens digit of f?
0
Let z = 399 - 390. Suppose -6*o + 2*f - 629 = -z*o, 5*o = f + 1031. What is the units digit of o?
7
Let a(v) = 34*v + 863. What is the hundreds digit of a(0)?
8
Let w = 1064 - 2869. Let r = w + 2532. What is the tens digit of r?
2
Let k(w) = 21*w - 17. Let t = 3 + -9. Let v(d) = -11*d + 8. Let f(s) = t*k(s) - 10*v(s). What is the units digit of f(-3)?
0
Suppose 22678 = -57*b + 434446. What is the hundreds digit of b?
2
Let s = 71 + -70. What is the tens digit of (129*s)/((-6)/(-2))?
4
Let j(y) = 157*y**3 + y**2 - y + 1. Let p be j(1). Suppose t = 5*g + p, -t + 2*g = t - 356. Let h = t + -73. What is the hundreds digit of h?
1
Let m(g) = g - 17. Let h be ((-8)/(-3))/((-3 - 2)/(-15)). Let p be m(h). What is the tens digit of p/(4 + (-205)/50)?
9
Let v = -430 + 433. Suppose 5*b = -5*k + 2765, v*b - 8*b + 4*k + 2738 = 0. What is the hundreds digit of b?
5
Let m = -62 + 64. Let r be -116*(3/m + -2). Suppose 51*z - r*z = -532. What is the tens digit of z?
7
Let f = -135 + 138. Suppose -r = -f*p + 5*p - 588, 294 = p + 2*r. What is the units digit of p?
4
Let u(a) = a**2 + 30*a + 190. Let x be u(-9). Let q(t) = 1509*t**2 - 8*t + 7. What is the units digit of q(x)?
8
Let j(x) = -x**2 + 8*x + 12. Let m be j(9). Let g be 12/18 + 193/m. Suppose -k + 6*k - 5*l = g, k + 3*l = 9. What is the units digit of k?
2
Let m(y) = 14*y**2 - 30 - 4*y - y**3 + 0*y + 2*y. What is the units digit of m(10)?
0
Suppose 17*k + 1399162 = 56*k + 279901. What is the hundreds digit of k?
6
Suppose 3*r - 23 + 17 = 0. Suppose -r*u + 6*u = -6224. What is the units digit of u/(-28) + 3/7?
6
What is the ten thousands digit of ((-3)/((-87)/290))/(5838/5834 - 1)?
1
Let p(w) = -278*w + 101. Let g be p(-28). Suppose 44*t = 49*t - g. What is the units digit of t?
7
Let a(j) = 355*j - 179. What is the tens digit of a(6)?
5
Let z = -12 + 27. Suppose z*o = 4*o. Suppose o*w + 5*w = 435. What is the units digit of w?
7
Let o(t) = -t**3 - 13*t**2 - 7*t - 15. Let k = 205 - 141. Suppose 5*i + 1 + k = 0. What is the units digit of o(i)?
6
Suppose -49 = 9*k - 14*k - 2*l, 20 = 2*k + l. Let g(s) = 2*s**3 - 9*s**2 + 4*s - 101. What is the tens digit of g(k)?
6
What is the hundreds digit of (-4 + 16361/(-2))*-2?
3
Let q(i) = 118 + 55*i + 81 + 86. What is the units digit of q(9)?
0
Suppose -85 = -x + 2*j, x + 2*x = -4*j + 305. Let c = x - 91. Suppose -c*q - 4*g + 30 - 6 = 0, 0 = -5*q + 4*g + 21. What is the units digit of q?
5
Suppose -951 = -p + 3*u, -7*p + 949 = -6*p - 4*u. Suppose -170*b = -167*b - p. What is the units digit of b?
9
Let a = -1894 + 2148. Let x(c) = -11*c + 4. Let q be x(-8). Let o = a - q. What is the tens digit of o?
6
Suppose -98 = 4*j - s + 3*s, -3*j = 2*s + 76. Let b be 2/(-11) - 48/j. Suppose 12 = 4*m, 7 = b*g + 4*m - 49. What is the tens digit of g?
2
Suppose -14*s + 13892 = -1536. Suppose -s = -11*a - 376. Suppose j - 255 = 2*u - a, -2*u + 8 = 0. What is the tens digit of j?
9
Suppose 33*f - 38*f + t + 39596 = 0, -5*t = 4*f - 31700. What is the hundreds digit of f?
9
Suppose -4*l = -5*u + 10554 - 205324, 194746 = 4*l - u. What is the tens digit of l?
8
Let v = 273 + -249. Suppose -29*i + 2010 = 4*f - v*i, i = -5*f + 2523. What is the units digit of f?
5
Let k(l) = 16*l - 1. Let w be (-24)/(-90)*-3*170/(-4). Suppose 31*x = w*x - 39. What is the hundreds digit of k(x)?
2
Let w(k) = -2*k**2 + 46*k - 15. Let g be w(9). Let z = 784 - g. What is the tens digit of z?
4
Let r = -16650 + 27149. What is the units digit of r?
9
Let y(b) = -b**3 + 28*b**2 - 53*b + 30. Let q be y(26). What is the hundreds digit of 1316/q*(-12)/(-12)?
3
Let x be (-1896)/6 + 16 + -10. What is the units digit of (798/105)/((-4)/x)?
9
Let i(h) be the third derivative of -23*h**4/12 - 4*h**3 + h**2. Let q be i(-5). Suppose -2*g - 3*n = -206, 0*g - n = 2*g - q. What is the hundreds digit of g?
1
Let a = 2179 + -757. Suppose -w - a = -x, 4*x + 2214 = 5*w + 7906. Suppose -m = 4*j - x + 467, j - 242 = 4*m. What is the hundreds digit of j?
2
Suppose 39 + 41 = -2*g. Let d(a) = -a**3 + 25*a**2 + 27*a + 33. Let w be d(26). Let s = w + g. What is the tens digit of s?
1
Let h be 2 + 0 - 5/(30/(-12)). Suppose h*i - 451 = 1385. What is the units digit of i?
9
Suppose 0 = -0*y + 8*y - 24. Suppose a + 412 = 3*z, y*z - 4*a = 705 - 281. What is the tens digit of z?
3
What is the tens digit of 9507 + 10/50*-65?
9
Let m be 16/(-112) + 43/7. Suppose 2*f - 3*p - 433 = -m*p, -427 = -2*f - 5*p. What is the units digit of f?
1
Suppose 0 = 52*f - 63*f + 209. Suppose 5*c - 591 = -s - f, 0 = -3*c - 2*s + 346. What is the units digit of c?
4
Let i = 508 + 975. What is the hundreds digit of i?
4
Let q(h) be the third derivative of h**5/60 - 5*h**4/24 + h**3/6 - 29*h**2. Suppose -10*i = -5*i - 60. What is the units digit of q(i)?
5
Let u(v) = -4*v + 27. Let x be u(-11). Suppose 3*m + 5*n = 5 - 0, 3*n + 26 = 4*m. Suppose -k + 5*r = -85, -x = -k + 3*r - m*r. What is the tens digit of k?
7
Suppose -4*y - 1066 = -2*p, 5*p - 729 = -4*y + 2006. Suppose 6*s = 11*s - 1045. Suppose -p - s = -8*x. What is the units digit of x?
4
Suppose 73010 = 5*n + 5*d, -56*n = -55*n - 4*d - 14602. What is the thousands digit of n?
4
Let s = -1772 - -6546. What is the tens digit of s/8 + (-1 - (-8)/32)?
9
Suppose -56828 = -5*a + 5*r + 287327, -4*a - 2*r = -275366. What is the units digit of a?
8
Suppose 0 = -4*t + 3*o + 36012, 2*t + 10*o - 5*o = 17980. Suppose 11*c + t - 1850 = 0. What is the units digit of (-2)/7 + c/(-70)?
9
Let g = -252 - -257. What is the tens digit of g + 1413/3 - -1?
7
Let x(a) = -6*a + 146. Let v be x(24). Suppose 3*j - z = 860, -v*j - 2*z = -4*j + 568. What is the hundreds digit of j?
2
Let m(x) = 4*x + 231. Let n be m(-24). Let i be (26 + -2)*(-4)/(-6). What is the units digit of n + -1 + 4/i*4?
5
Suppose -48401 - 82924 = -85*c. What is the tens digit of c?
4
Suppose -20*p - 138352 + 367412 = 0. What is the units digit of p?
3
Suppose 256 = 3*h + 73. Suppose 0 = n + 2*d - 47, -3*n = d + h - 222. What is the tens digit of (2 + -5)*n/(-3)?
5
Suppose 4*y - 2*q = 14156, 4*y - 14396 + 204 = -4*q. What is the thousands digit of y?
3
What is the units digit of (-115)/(-1380) - 447909/(-36)?
2
Suppose 0 = -9*z + 49894 - 6694. What is the hundreds digit of z?
8
Suppose 5*g = 2*q + 3*q - 25, g = 5*q - 25. Suppose -5*n - 5*y + 2232 = -2*y, g = 5*n - 5*y - 2200. What is the units digit of n?
4
Suppose 2*w - 3*o - 21 = 0, -2*w + 2*o + 2*o + 22 = 0. Let l = w + -9. What is the tens digit of (4 + l)*315/20?
6
Let o = 50 + -53. What is the units digit of o + 398 + 84/(-14)?
9
Let i(z) = 76*z - 10. Let t(l) = -68*l + 8. Let c(q) = -4*i(q) - 5*t(q). Let f(x) = x + 1. Let m be f(0). What is the tens digit of c(m)?
3
Suppose -3*g = -4*n - 18, 0 = -4*g - 5*n - 7. Suppose -4*o - 28 = o - g*m, -2*o - 5*m = 17. What is the tens digit of (-94)/o - (-16)/12?
1
What is the hundreds digit of 6302 - -12 - (-1)/((-4)/(-20))?
3
Let w(t) = -t**3 + 10*t**2 + 15*t - 14. Let k be w(11). Suppose -7*p = -5*p + k. Let q(o) = o**3 + 14*o**2 - 14*o + 20. What is the units digit of q(p)?
5
Let z be 35/(-70)*(1 - 1). What is the units digit of (2 - z - 6)/(30/(-3615))?
2
Let i(n) be the second derivative of 5*n**4/12 + n**3/3 + 2*n**2 + n. Suppose -5*q = -4*w - 24, 24 = 10*w - 14*w + 2*q. What is the units digit of i(w)?
2
Let h be 19 - 5 - 2 - 3. Suppose 2*k + 4*r - 278 = 0, -6*r = 2*k - h*r - 285. What is the hundreds digit of k?
1
Let i(s) = 4*s**2 - 103*s - 638. What is the thousands digit of i(-46)?
2
Let m be 128/6 - (-10)/15. Let v(j) = -j + 7. Let f be v(m). Let g = f - -40. What is the tens digit of g?
2
Suppose 28*l - 44*l = -110992. What is the units digit of l?
7
Let j(a) = 1290*a + 156. What is t